
-1
Calculate 0 - 8 - (-2 - 1 - 1).
-4
0 - (2 + 1 + 5 + -6)
-2
What is 2 + -1 - 1 - (0 - 4)?
4
What is the value of -10 + 6 + -1 - (4 + -3)?
-6
What is the value of 8 + (-21 - (-3 - 2) - -4)?
-4
Calculate 7 + 3 + 0 + -6 + 2.
6
Calculate -5 + 7 + 5 - 6.
1
What is -1 + 1 + 7 - 2?
5
(8 - 11 - -2) + 0
-1
What is (-4 - -4) + 5 + -2?
3
What is the value of 0 + (-4 - (-4 - -2)) + 7?
5
What is 1 + (-1 - -9 - (-4 - -8))?
5
What is -27 + 24 + 0 + -1?
-4
What is -1 + (2 + 5 - 6)?
0
(-1 - 0) + -7 + -11 + 17
-2
What is the value of -4 - (-2 + 0) - (-8 + 5)?
1
-12 - (-18 - -4 - -6)
-4
(-7 - -2) + -2 + 7 + -3
-3
What is 12 - 13 - ((-7 - -1) + 5)?
0
Evaluate -10 + 2 - -5 - -3.
0
0 + 2 + (-1 - 3) + 1
-1
Evaluate (-5 - 4) + -2 - -5.
-6
Evaluate (0 - (3 + -3)) + 2.
2
Evaluate 2 + 0 + 2 - 2.
2
What is -2 + 6 + -3 + -2 - -1?
0
What is the value of -4 - (2 - 1 - (4 + -3))?
-4
What is the value of 3 - (0 - 4 - -6)?
1
-16 - -11 - (-4 - 2)
1
What is the value of -1 + (8 - 10) + -2?
-5
What is (-3 - -1) + 6 + -2?
2
Calculate 2 + 1 + (6 - 4).
5
What is 1 - (3 + 5) - -10?
3
Calculate -9 + 4 - (-10 - -9).
-4
What is the value of -1 + -2 + (-58 - -57)?
-4
What is the value of -1 + 4 + (-3 - 4)?
-4
Calculate (15 - 23) + (-1 - (-2 + 0)).
-7
Evaluate 3 - (-2 - (-7 + 4)) - 3.
-1
Evaluate -2 + (3 - ((-4 - -3) + 5)).
-3
(2 - -1) + (0 - -2)
5
What is the value of 7 + (7 - 16) + 5?
3
Calculate (29 - 32) + (0 + -2 - -1).
-4
What is (0 - 0) + (-3 - -4) - 0?
1
Evaluate -12 + 2 + 75 + -65.
0
2 + (-1 - -8) + -1 + -14
-6
Calculate 7 + (-5 - -9) + (-5 - 1).
5
Evaluate 1 + (-2 - (5 + -3 + -3)).
0
What is the value of ((2 - 0) + -3 - -1) + 3?
3
Evaluate -39 + 26 + (8 - 1).
-6
Calculate 5 + 0 + 1 + -1.
5
What is 0 + 0 + -5 - (-308 - -299)?
4
What is the value of 4 - (23 + -15 + (-1 - -1))?
-4
What is the value of -10 + 12 + -10 + 4?
-4
Evaluate 7 + (-6 - -6) + -9.
-2
What is the value of -7 + (-6 - 0) + 8?
-5
-5 - (4 - (5 - -5) - -7)
-6
Evaluate 6 + -8 - (10 + -5 - 9).
2
14 + (9 - 12) - 7
4
Evaluate (5 - 12 - -15) + -9.
-1
(4 - 5 - -1) + 4 + 1
5
Evaluate 6 + (-3 - (-3 - (3 + -5))).
4
What is -4 - (-2 - -3) - -2?
-3
Evaluate 6 - (-2 - (-5 - 7)).
-4
4 + 0 - 4 - 3
-3
Evaluate -1 - -2 - (8 - (3 - 3)).
-7
What is -3 + -1 - (-23 - -20) - -5?
4
Evaluate -1 + -3 + (0 - -1) + -2.
-5
4 - 3 - 4 - 1
-4
Calculate (1 - (-1 + 0)) + 3.
5
Evaluate 0 - (4 + -1) - -8.
5
Calculate -5 + 0 - (-11 + (10 - 6)).
2
What is 0 + 3 + 6 + -11 + 5?
3
What is the value of -1 + (-13 - -8 - (-10 + 1))?
3
Calculate (-1 - 0) + -2 + -2.
-5
What is the value of 1 - -2 - (27 - 29)?
5
Calculate 28 - 27 - (0 + -2).
3
Calculate 19 + -23 - (1 + 0).
-5
What is the value of -2 + 2 - (-26 - -19)?
7
Evaluate (-3 - 3) + 0 + 4.
-2
What is 12 + (-14 - (2 - 1))?
-3
What is the value of -2 + 2 + (-5 - (-8 + 10))?
-7
What is the value of -10 - -1 - (51 + -54)?
-6
Calculate (4 - 2) + (-5 - (2 + 0)).
-5
Evaluate -15 - (-9 - -8) - (-7 + 1).
-8
Calculate 0 + -1 + 7 + (6 - 15).
-3
Evaluate (-6 - -12) + (1 - 1).
6
What is the value of -5 - (0 - -4 - (0 + 3))?
-6
What is 2 - (3 - -1 - 4)?
2
-4 - (8 + 0 + -8 + -6)
2
What is the value of (-4 - 1) + 2 + -1?
-4
Calculate 2 + 2 + 2 + -4 + 0.
2
Calculate (0 - 2) + -1 - -3.
0
What is the value of 0 - 0 - (-7 + 16 + -10)?
1
Calculate (-5 - -5) + -2 + 4.
2
What is the value of 6 + (-8 - (3 + (3 - 9)))?
1
What is 14 + (-11 - 4 - -1)?
0
Evaluate (-17 - -9) + (-3 - -9).
-2
What is the value of -2 + -1 + 1 + (-437 - -442)?
3
Calculate -11 + (9 - 2) + 4 + -6.
-6
Evaluate -5 + 1 - (-7 - -8 - 4).
-1
-2 - -5 - (1 - 0)
2
Evaluate -8 + 13 + (1 - 5) - -1.
2
Evaluate 8 - 3 - (2 - (-10 + 7)).
0
What is 1 + -8 + 13 + (0 - 1)?
5
Calculate (10 - (4 - 2)) + -4.
4
What is 0 - (0 - -2 - -3) - -5?
0
(10 - 20) + 15 + -1
4
What is the value of 4 + (4 - 5) + -2?
1
Calculate 4 + 1 - (28 - 16) - -5.
-2
What is -11 - (-1 - (11 + -3))?
-2
What is 1 - -4 - 0 - (-8 + 8)?
5
What is -1 + (7 + -1 - 5) - -3?
3
Evaluate -6 + 4 + -2 - (1 - 3).
-2
What is 1 + (5 - 8) + 6?
4
Evaluate -24 - -18 - (-3 - 4 - -4).
-3
Calculate 2 - (6 - 10) - 1 - 6.
-1
What is (-2 - 0) + -11 + 11?
-2
What is the value of -6 + (-7 - (-6 - -1))?
-8
-9 + 2 + 1 - -9
3
What is 1 - (5 + 0 + -1) - 3?
-6
Calculate -5 + (-7 - -5 - -5).
-2
0 - (-4 - (4 - 8) - -2)
-2
What is (7 - (-10 + 12)) + -2?
3
What is -2 + 4 + -9 - -7?
0
Evaluate (18 + -15 - (1 - -1)) + 2.
3
Evaluate -8 - -7 - 3 - (0 + 1).
-5
What is the value of -2 + (0 - -5) - (-24 - -26)?
1
Evaluate (-1 + 12 - 6) + 0.
5
4 - (1 + -6 - (-5 - 2))
2
Evaluate (3 + -1 + -1 - 0) + -3.
-2
What is -14 + (2 - (-15 + 8))?
-5
(-2 - -6) + (6 - (13 - 12))
9
Calculate (-2 - (-1 - -1)) + -23 + 22.
-3
Calculate (-5 - -5) + (-13 - -24) - 2.
9
2 + 0 - (11 - 1 - 6)
-2
0 + -4 + (3 - 2)
-3
Calculate 2 + (5 + -7 - (1 - -3)).
-4
Calculate (2 - -8 - -4) + -8.
6
What is the value of 7 + (-9 - -6) + 1?
5
-2 + -4 - (0 - 6)
0
Calculate 4 + 1 + (1 - 1).
5
What is the value of 4 + (-6 - (2 - 1))?
-3
Calculate 4 + (-6 - -1) + -2.
-3
What is 0 - (9 - ((1 - -3) + 0))?
-5
-4 + (-3 - (-4 + 0))
-3
What is the value of 1 + 1 + (-2 - (3 + -8))?
5
What is -1 + -1 - (4 + 1) - 0?
-7
What is -8 + (-4 - -5) + 3 + 10?
6
Calculate 2 + (17 + -8 - 7).
4
Calculate (-4 - (6 - 13)) + 1 + -2.
2
2 + 1 + (-5 - (-3 + 3))
-2
What is -1 - -1 - -1 - (-22 + 19)?
4
Evaluate 4 - 5 - -6 - 11.
-6
Evaluate (1 - 1) + -1 - (-41 - -40).
0
What is the value of -5 - -4 - (-5 - 1)?
5
Calculate 17 + -22 + 12 + 0.
7
What is the value of (2 + 1 - 10) + 4 + 3?
0
What is the value of (-31 - -36) + 1 + -7?
-1
Evaluate -5 - (-15 - (-1 + (-4 - -1))).
6
Calculate -2 + 2 + 22 + -18.
4
-8 + (2 - 4) - -6
-4
What is the value of -4 + (-1 - -7) + (-7 - -8)?
3
What is the value of 2 - (1 - (-8 - (-7 + 1)))?
-1
Evaluate (0 - -6 - 1 - 10) + -1.
-6
Evaluate -1 + (72 - 71 - (-1 + 0)).
1
-4 - (3 - 3) - -3
-1
Calculate 11 + -4 + -4 + 1 + 0.
4
Calculate 2 + 5 + (-11 - -10) - 2.
4
-10 - (3 + (-1 - 4) - 1)
-7
What is the value of 4 - (10 + (5 - 3) + -7)?
-1
What is the value of -7 + 0 + 13 + 1 + 0?
7
Calculate 12 - (28 + -4) - -3.
-9
What is the value of (2 - -1 - 2 - 4) + 4?
1
-8 - -1 - -4 - -9
6
Calculate -10 + 11 + 4 + (-3 - -2).
4
Calculate 1 + (3 + -9 - 2).
-7
Evaluate 2 - (-2 + 12 + -4).
-4
What is the value of 24 + -18 + 2 + -1 + 0?
7
Evaluate 12 + -3 + -1 + -4.
4
Calculate 8 + 4 + (-3 - 1 - 4).
4
Calculate (10 + -3 + -4 - 2) + 2.
3
What is the value of 4 - (4 - (4 + -2)) - -1?
3
What is the value of -3 + (1 - 2) + 9?
5
What is the value of 44 + -38 + 2 + -9?
-1
Calculate -6 + (4 - 4) - -5.
-1
-54 - -44 - (-4 - -1) - -18
11
What is the value of 6 + -7 + 5 + 1 + -4?
1
Evaluate (19 - 19) + (1 - 3).
-2
What is -4 + 10 - 4 - (-5 + -2)?
9
Calculate 1 + -2 - (0 + -2) - 3.
-2
What is -1 + -1 - ((-3 - -1) + 0)?
0
Calculate 1 - (-2 - 0 - (13 - 12)).
4
-4 - -2 - (0 - -2 - 2)
-2
0 - (-3 + -3) - 6
0
14 - 2 - 14 - (0 - -1)
-3
What is the value of 1 + (5 - 2 - -1) + -3?
2
-17 + 21 - (8 - 0)
-4
Calculate 2 + -8 + (1 - -1).
-4
What is the value of -8 - -9 - (-2 + 0) - 0?
3
Calculate 56 + -60 - (-6 - 1).
3
-1 - (-2 - -12) - (89 + -96)
-4
Calculate -5 - (3 - 19 - -6).
5
What is the value of (13 - (5 + 1)) + (11 - 13)?
5
What is 4 + (6 - (5 - -5))?
0
-9 + 9 - (2 - -1 - 8)
5
What is -2 + (-4 - (5 - 4)) - -1?
-6
Evaluate (5 + 6 - 3) + -7.
1
Calculate -7 + 2 + 2 + 4.
1
1 + 3 - (-19 + 24) - 3
-4
What is -4 - (-5 - (-11 - -7))?
-3
18 - (-2 - -11) - 13
-4
12 - (1 + 12) - -9
8
What is 22 + -5 + -12 + -13?
-8
-4 - 0 - (5 + -9 - 0)
0
What is the value of -1 + 0 + 1 - (5 + -6)?
1
Calculate -14 - -7 - (-5 + (3 - 7)).
2
What is (7 - (4 - 5)) + -16?
-8
Calculate 6 - ((0 + -4 - -5) + 3).
2
Calculate (11 - 3) + (-5 - -8 - 6).
5
Calculate 2 + -9 - -4 - (1 - 0).
-4
Calculate (8 - (0 - -5)) + 2 + -5.
0
Evaluate (7 + -8 - 3) + -2 - -7.
1
-9 + 5 - 6 - -7 - 2
-5
-4 + (2 - 8) + 6 + 5
1
What is the value of 6 + (-5 + 11 - 14)?
-2
-1 + 2 + (-2 - (7 + -3))
-5
Calculate (0 - 2) + 2 - 1.
-1
(-12 - (-7 + -2)) + -4
-7
Evaluate 1 + 16 + 7 + -10 + -5.
9
Evaluate -7 + 11 - (-1 - 0).
5
What is -5 - (-11 - (-4 - -5 - 0))?
7
(4 - 2) + (3 - 7) + 1
-1
Evaluate -7 + 1 - (14 + -8 + -7).
-5
What is 2 - 1 - (7 + -3) - -3?
0
What is (-6 - 0) + (-2 + 19 - 16)?
-5
Evaluate (-7 - (7 - 10)) + 1 + 2.
-1
Evaluate -4 - ((-1 - 5) + -4 + 5).
1
What is 0 + (-10 - -6) 